prime factors of z.
2, 7, 821
Let o be 4/(-2)*(25 - 26). Let s be (-1)/(o/(4 - 8)). What are the prime factors of (s - 51)*1/(-1)?
7
Let d(x) = -x**3 + 6*x**2 + 8*x - 2. Let c be d(7). Suppose c*i = 3 + 12. Suppose i*k + 2*k - 83 = -s, 3*s - 3*k = 303. What are the prime factors of s?
2, 7
List the prime factors of 154/(-539) + (-171996)/(-21).
2, 3, 5, 7, 13
Let d(r) = -15*r**2 + 54*r**2 - 9*r**2 - 4. What are the prime factors of d(4)?
2, 7, 17
Suppose -12*r - 8*r = 25160. Let j = -524 - r. What are the prime factors of j?
2, 367
Suppose 9*o - 4084 = 17*o - 10*o. List the prime factors of o.
2, 1021
Let j be 182/1 + -30 + 37. What are the prime factors of (3*-10)/((-7)/j)?
2, 3, 5
Let n = 3301 - -1279. What are the prime factors of n?
2, 5, 229
Let d(z) be the third derivative of 0 - 47/24*z**4 + 5/3*z**3 + 0*z - 31*z**2. What are the prime factors of d(-3)?
151
Let b be ((-238)/(-22) - (-2)/11) + -5. Suppose -b*q = 3*q - 1413. What are the prime factors of q?
157
Suppose 0 = 2*b - 4, 32*b = -z + 34*b + 2451. What are the prime factors of z?
5, 491
Let s(h) = 83*h - 27. Suppose u + 3*x = -x + 7, 2 = 2*x. What are the prime factors of s(u)?
2, 3, 37
Let p(d) = -65 - 185 + 129*d + 41 + 25. List the prime factors of p(5).
461
Suppose 0 = -3*w + 4*w - 4*i - 54, 4*w + 3*i - 216 = 0. List the prime factors of (46/3)/(w/2997).
23, 37
Let a(n) = 32*n**2 + 10*n - 101. What are the prime factors of a(18)?
31, 337
List the prime factors of (3 - 0) + -81*484/(-66).
3, 199
Let t = -6452 + 21426. What are the prime factors of t?
2, 7487
Let k be (514/(-4))/((-22)/(-44)). Let p = 268 + k. What are the prime factors of p?
11
Let i(y) = 47*y - 198*y - 56*y + 15 + 17. Let f be i(4). List the prime factors of (f/16 - -2)/(2/(-8)).
191
Let i = 853 - 851. List the prime factors of (1464/48)/(53/26 - i).
13, 61
What are the prime factors of 246*(217/42 - 4/(-8))?
2, 17, 41
List the prime factors of 14/119 - 895344/(-102).
2, 3, 7, 11, 19
Suppose 0 = 5*k - g - 3125, -2*g = -k - 0*k + 634. Suppose -7*p + 2*p - 3*f + k = 0, -4 = 2*f. What are the prime factors of p?
2, 3, 7
Suppose -k + 3737 = 2*h, -5*h - k + 2031 = -7316. Suppose -156*t = -161*t + h. List the prime factors of t.
2, 11, 17
What are the prime factors of ((30/40)/((-15)/(-28264)))/(5/25)?
2, 3533
Let j(a) = -2*a**2 + 9*a - 1. Let b be j(-3). Let m = 46 + b. Suppose -u = 4*t - 75, u - t + 46 - 106 = m. What are the prime factors of u?
3, 7
Let w = 80916 + -53229. List the prime factors of w.
3, 11, 839
Suppose 4*h = -2034 - 3326. Let n = 2007 + h. Suppose -7 = 3*c - n. What are the prime factors of c?
2, 5, 11
Suppose -2*v = -5*w + 5240 + 5489, 4*v = -5*w + 10747. What are the prime factors of w?
19, 113
Suppose 0*i + 2*i - 916 = 0. Let y = 521 + -713. Let r = y + i. What are the prime factors of r?
2, 7, 19
Let z = -50169 - -85422. What are the prime factors of z?
3, 3917
Suppose 15 = 13*m - 11. Suppose -c + 160 = m*d, -2*d - 5*c = -c - 154. What are the prime factors of d?
3
List the prime factors of 699372/16 + 27/108 + 30/6.
2, 3, 3643
What are the prime factors of 3109 + (10 - -11) + -8?
2, 7, 223
Suppose 0*b = b - 2. Let h(o) = -3*o**3 - 11*o**2 + 11*o + 26. Let l(v) = v**3 + v + 1. Let m(y) = b*l(y) + h(y). List the prime factors of m(-12).
2
Let y = -69 + 71. Suppose -96 = -y*m - 4*m. List the prime factors of m.
2
Let v(g) = g**2 + 11*g + 26. Let p be v(-8). Suppose c = -p, 2638 = 3*u - 2*c + 6*c. List the prime factors of u.
2, 3, 7
Suppose 22*s - 86335 - 9663 = 103872. List the prime factors of s.
5, 23, 79
Let r(i) = 15*i**3. Let m be r(1). Let b(v) = -5*v + 22. Let k be b(m). Let l = k + 64. List the prime factors of l.
11
Let z(f) = f**3 + 15*f**2 + 11*f - 20. Let q = -66 - 7. Let g = -87 - q. List the prime factors of z(g).
2, 11
Suppose w + 9 = -5*p - 1, 4*w = 5*p + 35. Suppose -2*f - 160 = -w*y, -6*y + 3*y + 96 = 5*f. List the prime factors of y.
2
Suppose -18*y - 8777 - 11941 = 0. Let g = -534 - y. Let h = -370 + g. What are the prime factors of h?
13, 19
Suppose 10*o + 5*j - 265 = 7*o, 5*o - 5*j = 495. Let r = 529 - o. What are the prime factors of r?
2, 7, 31
Let s = -60 - -332. Suppose 5*i - 423 - s = 0. What are the prime factors of i?
139
Suppose -35*x = -12*x - 23. List the prime factors of ((-2)/(-20))/(x/2)*205.
41
Let x(i) be the second derivative of i**6/360 + i**5/20 + 5*i**3/3 - i. Let p(d) be the second derivative of x(d). What are the prime factors of p(-11)?
5, 11
Let h(u) = 0 + u + 21 + 13. Let f(n) = -2*n**3 - 44*n**2 + 268*n - 72. Let i be f(-27). List the prime factors of h(i).
2
What are the prime factors of -1 + 7/4 + 19147100/2800?
7, 977
Let n = -869 - -1446. Let m = -115 + n. List the prime factors of m.
2, 3, 7, 11
Suppose -84*m = -83*m - 36*m + 142940. What are the prime factors of m?
2, 1021
Let b = 213 + -449. Let r = 1352 + b. What are the prime factors of r?
2, 3, 31
Suppose 5*b - 6751 = -5*y + 9*y, -2*y = 8. Suppose -3*q + 4*a - a + b = 0, -a = 3*q - 1359. List the prime factors of q.
2, 113
Let a(d) = d**3 + 6*d**2 + 2*d - 5. Let p be a(-3). Suppose -p*k + 10*k = -216. List the prime factors of k.
2, 3
Suppose -3*b = 4*p - 36574, 753*b - 751*b = -2*p + 18288. What are the prime factors of p?
2, 7, 653
Let j(s) = -24*s + 47. Let g be j(-16). Let l = 43 + g. List the prime factors of l.
2, 3, 79
Let y = 1922 - 564. Suppose -4*x = 4*p - y - 226, 0 = 5*x. List the prime factors of p.
2, 3, 11
Let h = -9755 - -10954. What are the prime factors of h?
11, 109
Let x = -4963 - -13558. What are the prime factors of x?
3, 5, 191
Let n(f) = -465*f - 655. What are the prime factors of n(-20)?
5, 7, 13, 19
Let x be 513/15 - 5/25. Suppose -3*f = 3*g + 45, -13*f - x = 2*g - 12*f. Let c(h) = h**2 + 8*h - 50. What are the prime factors of c(g)?
3, 53
Suppose -5*x + 4*j + 3626 = -5073, -x = -4*j - 1727. List the prime factors of x.
3, 7, 83
Let u be (1 - -50)/(-2 - (-2 + -1)). Let p = -54 + u. What are the prime factors of (95/p - 1)*-3?
2, 7
Let u(x) = 17*x + 84. Let z be u(-4). Suppose -2338 = z*l - 9602. What are the prime factors of l?
2, 227
Suppose -m + 1799 + 2012 = 3*p, -m - 3815 = -3*p. List the prime factors of p.
31, 41
Suppose -2829 + 339 = -p + 396. List the prime factors of p.
2, 3, 13, 37
Suppose v - 4764 = 12836. What are the prime factors of v?
2, 5, 11
Let r = 1607 - 932. Let a = r - -5. List the prime factors of a.
2, 5, 17
Let f be 2/(-6) + (-476)/(-51). Suppose -2756 + 767 = -f*v. What are the prime factors of v?
13, 17
Let u(y) = 10*y**2 + 42*y - 575. List the prime factors of u(45).
5, 19, 227
Let t(o) be the second derivative of -o**5/20 + o**4/3 - 2*o**3/3 + 5*o**2/2 - 19*o. Let a be t(2). Suppose 0 = a*r - 11*r + 204. List the prime factors of r.
2, 17
Suppose -9*p = -7*p + 50. Let x be p/10*7/((-14)/4). Suppose -310 = -x*y - 2*w + 202, 4*y = -w + 412. List the prime factors of y.
2, 13
Let i = -535 + 533. What are the prime factors of (-2676)/16*i*2?
3, 223
Let b be (1 + (-54)/4)/(1/2). Let n = -7 - b. What are the prime factors of (132/n)/(8/(-6) + 2)?
11
Suppose -894 = -2*g + o - 0*o, -2*o - 4 = 0. Let n = g - -410. Suppose 4*z + n = 12*z. List the prime factors of z.
107
Suppose -103 = 3*c - 2*v, 2*c - 2*v = -7*v - 37. Let i = c + 30. List the prime factors of (-22)/(-66) + 98*i/(-3).
3, 11
Let s(f) = 65*f - 53. Let n be s(12). Suppose n = -7*h + 3912. List the prime factors of h.
5, 7, 13
Let c(t) = 2*t**2 - 2*t + 20. Let o be c(17). Let j be ((-1 + 0)*-1)/((-40)/(-200)). Suppose 0 = -j*x - 9 + o. What are the prime factors of x?
3, 37
Suppose 3*g + 162 = -45. Suppose 1746 = 7*z + 2*z. Let o = z + g. List the prime factors of o.
5
Suppose 114358 = 3*c - 71*v + 73*v, -3*c - v = -114353. List the prime factors of c.
2, 13, 733
Suppose 0 = 5*i + 6*i - 308. Let u = 23 - i. What are the prime factors of 135 - -2*(-1)/5*u?
137
Let l = 6 + 55. Let v = 66 - l. Suppose -v*k + 315 = -360. What are the prime factors of k?
3, 5
Let j = -648 + 2251. Let n = j - 1126. List the prime factors of n.
3, 53
Let a = -13040 - -23154. What are the prime factors of a?
2, 13, 389
Let a(p) = -p**3 + p**2 + 2*p - 1. Let j be a(-2). Let n(o) = -648 + 1260 + 11*o - 648. List the prime factors of n(j).
41
Let g = 13062 + -5426. List the prime factors of g.
2, 23, 8